ommon factor of 40 and 234275275.
5
Calculate the highest common divisor of 2853 and 1094562.
9
Calculate the greatest common divisor of 909704 and 6681.
17
What is the highest common factor of 270215 and 3220327?
3179
What is the highest common divisor of 4 and 1152735412?
4
What is the greatest common divisor of 4563832 and 728?
728
Calculate the highest common divisor of 10 and 295340.
10
What is the highest common divisor of 241839 and 25281?
477
What is the highest common factor of 51 and 70828647?
51
Calculate the greatest common divisor of 2085210 and 510.
30
What is the greatest common factor of 371 and 2048609?
53
What is the greatest common factor of 167653216 and 5504?
1376
What is the highest common divisor of 29139 and 2810589?
2649
What is the greatest common factor of 2697647 and 8533?
1219
What is the highest common divisor of 2520 and 2058?
42
Calculate the highest common factor of 671 and 2073146.
61
What is the highest common divisor of 578985 and 44805?
435
Calculate the greatest common divisor of 13959840 and 25400.
5080
Calculate the greatest common divisor of 15391549 and 2795.
43
What is the greatest common factor of 1344 and 80981418?
42
What is the greatest common factor of 23943 and 776239?
347
Calculate the greatest common divisor of 8742 and 2521044.
186
Calculate the highest common divisor of 12905 and 2272295.
145
Calculate the greatest common factor of 1404536 and 157682.
98
Calculate the highest common divisor of 8 and 190270476.
4
What is the highest common divisor of 78070 and 7174?
422
What is the highest common factor of 696569496 and 56?
56
Calculate the highest common divisor of 3132 and 582984.
108
What is the highest common divisor of 390528 and 8192?
128
Calculate the highest common divisor of 1320 and 28168560.
120
Calculate the highest common factor of 154003788 and 7236.
7236
Calculate the highest common divisor of 210 and 30999570.
210
Calculate the greatest common factor of 979 and 407.
11
What is the greatest common divisor of 2460410 and 732547?
697
What is the highest common factor of 87 and 85515693?
87
What is the greatest common divisor of 3300 and 997109850?
1650
Calculate the greatest common divisor of 3341595 and 45.
15
What is the highest common divisor of 53816543 and 187?
187
What is the highest common factor of 48 and 73142?
2
What is the greatest common factor of 355324 and 34604?
844
Calculate the greatest common factor of 169867 and 19684.
37
What is the greatest common divisor of 47705730 and 948?
474
Calculate the highest common factor of 2358787 and 148.
37
Calculate the highest common divisor of 375 and 17233625.
125
Calculate the highest common factor of 1806 and 76839.
21
What is the greatest common divisor of 3389310 and 450?
90
What is the greatest common divisor of 867 and 1299344?
289
What is the highest common divisor of 49493 and 5123837?
43
What is the highest common divisor of 336 and 22024968?
168
Calculate the greatest common factor of 5300 and 1478170.
530
Calculate the greatest common divisor of 32592 and 10061616.
4656
What is the greatest common divisor of 146482 and 1512?
14
What is the greatest common factor of 2047656 and 11664?
24
Calculate the highest common factor of 10450 and 840400.
550
Calculate the greatest common factor of 19426550 and 475.
475
Calculate the greatest common factor of 339052 and 34076.
28
What is the highest common factor of 4729730 and 48980?
790
What is the greatest common divisor of 255 and 12165370?
85
What is the greatest common divisor of 1377 and 17557479?
81
Calculate the greatest common factor of 7347961032 and 12.
12
Calculate the greatest common factor of 545350208 and 102.
34
Calculate the greatest common factor of 132 and 855323128.
44
What is the greatest common factor of 154 and 1838320?
22
What is the highest common divisor of 12593 and 2549078?
49
Calculate the highest common divisor of 323909 and 13961.
23
Calculate the greatest common divisor of 4908281 and 1631.
7
Calculate the greatest common divisor of 485 and 1901665.
5
What is the highest common factor of 1210990 and 6357142?
2222
What is the greatest common divisor of 9180 and 14484?
204
What is the highest common factor of 1139126 and 403?
31
Calculate the greatest common divisor of 1009647 and 14994.
153
Calculate the greatest common divisor of 65 and 459277715.
65
Calculate the greatest common divisor of 3200095 and 20.
5
Calculate the greatest common factor of 177259 and 833.
17
What is the greatest common divisor of 47585 and 2264125?
1535
What is the greatest common factor of 14079 and 790400?
247
What is the greatest common factor of 9718730 and 12240?
170
Calculate the highest common factor of 2813548 and 824.
412
Calculate the greatest common factor of 96660 and 147854.
358
Calculate the highest common factor of 346080 and 60060.
420
Calculate the highest common divisor of 8520 and 972315180.
4260
What is the highest common divisor of 77 and 434515697?
77
Calculate the highest common factor of 496604 and 424773.
109
Calculate the highest common divisor of 8413554 and 22163.
599
Calculate the greatest common factor of 10560 and 3009456.
48
Calculate the greatest common factor of 677440 and 10284386.
4234
What is the highest common factor of 1068 and 403256508?
1068
Calculate the greatest common factor of 3707 and 209360239.
3707
What is the greatest common divisor of 2898 and 24854214?
966
What is the highest common factor of 15624 and 3036?
12
Calculate the greatest common factor of 38784326 and 7.
7
What is the highest common factor of 10556787 and 30373?
4339
Calculate the greatest common factor of 27 and 94685148.
9
What is the highest common factor of 699838085 and 52475?
10495
Calculate the highest common factor of 80190 and 44770.
110
What is the greatest common factor of 1151173 and 3404?
23
Calculate the highest common divisor of 2844292 and 319913.
1397
Calculate the greatest common factor of 5429 and 757123.
89
What is the highest common factor of 145513892 and 20382?
6794
What is the highest common factor of 3013317 and 54?
9
What is the greatest common divisor of 14 and 1003620506?
14
Calculate the highest common factor of 1502563440 and 3752.
3752
Calculate the highest common divisor of 418569 and 210654.
249
What is the greatest common factor of 25866923 and 342?
19
Calculate the greatest common factor of 2160 and 400752.
144
What is the greatest common factor of 40716256 and 1104?
368
What is the greatest common divisor of 364331 and 2438910?
3011
Calculate the highest common divisor of 120 and 2060448.
24
What is the greatest common factor of 36 and 1125258588?
36
Calculate the greatest common divisor of 232 and 3163656.
8
What is the highest common factor of 52560 and 9549?
9
What is the greatest common divisor of 7389 and 99247406?
821
Calculate the greatest common divisor of 21862437 and 807.
807
What is the highest common factor of 13 and 2111303207?
13
Calculate the highest common factor of 87 and 185168857.
29
What is the greatest common factor of 181539 and 88577?
877
What is the greatest common divisor of 198102 and 2055?
411
What is the greatest common factor of 469825 and 1925?
25
Calculate the highest common factor of 2665661 and 11120621.
11743
Calculate the greatest common divisor of 528614 and 9786376.
4678
Calculate the greatest common factor of 27 and 3257099559.
27
What is the highest common divisor of 189018 and 5931?
9
Calculate the highest common factor of 83258638 and 8958.
2986
What is the highest common factor of 238185 and 4788585?
3555
Calculate the greatest common divisor of 1566 and 192450.
6
Calculate the greatest common factor of 55869307 and 18697.
2671
What is the highest common factor of 345 and 6580415?
115
Calculate the greatest common divisor of 1198024 and 2040.
136
What is the greatest common factor of 13330 and 6378835?
215
Calculate the greatest common divisor of 698 and 32595553.
349
Calculate the highest common divisor of 1754805 and 663.
39
What is the greatest common factor of 21960 and 178488?
72
What is the greatest common divisor of 35850 and 6540474?
1434
Calculate the highest common factor of 100325742 and 22.
22
What is the highest common factor of 286514396 and 10865?
2173
Calculate